{"id":1651,"date":"2025-10-15T13:29:33","date_gmt":"2025-10-15T11:29:33","guid":{"rendered":"https:\/\/emd-shop.com\/shop\/?post_type=product&#038;p=1651"},"modified":"2025-10-15T13:55:15","modified_gmt":"2025-10-15T11:55:15","slug":"2-seitentaschen-links-und-rechts","status":"publish","type":"product","link":"https:\/\/emd-shop.com\/shop\/2-seitentaschen-links-und-rechts\/","title":{"rendered":"2 Seitentaschen, links und rechts"},"content":{"rendered":"<p class=\"p1\">2 Satteltaschen (links und rechts) mit Schellverschlu\u00df \/420 g Au\u00dfenma\u00dfe je mit H\u00f6he 26 cm, Breite 26,5 cm Tiefe 13,5 cm \/ Befestigung an Gep\u00e4cktr\u00e4gern und Kotfl\u00fcgeln<\/p>\n","protected":false},"excerpt":{"rendered":"<p>2 Satteltaschen (links und rechts) mit Schellverschlu\u00df \/420 g Au\u00dfenma\u00dfe je mit H\u00f6he 26 cm, Breite 26,5 cm Tiefe 13,5 cm \/ Befestigung an Gep\u00e4cktr\u00e4gern und Kotfl\u00fcgeln<\/p>\n","protected":false},"featured_media":1658,"comment_status":"open","ping_status":"closed","template":"","meta":[],"product_brand":[],"product_cat":[53],"product_tag":[],"class_list":{"0":"post-1651","1":"product","2":"type-product","3":"status-publish","4":"has-post-thumbnail","6":"product_cat-zubehoer","7":"product_shipping_class-ersatzteile-zubehoer","9":"first","10":"instock","11":"taxable","12":"shipping-taxable","13":"purchasable","14":"product-type-simple"},"_links":{"self":[{"href":"https:\/\/emd-shop.com\/shop\/wp-json\/wp\/v2\/product\/1651","targetHints":{"allow":["GET"]}}],"collection":[{"href":"https:\/\/emd-shop.com\/shop\/wp-json\/wp\/v2\/product"}],"about":[{"href":"https:\/\/emd-shop.com\/shop\/wp-json\/wp\/v2\/types\/product"}],"replies":[{"embeddable":true,"href":"https:\/\/emd-shop.com\/shop\/wp-json\/wp\/v2\/comments?post=1651"}],"wp:featuredmedia":[{"embeddable":true,"href":"https:\/\/emd-shop.com\/shop\/wp-json\/wp\/v2\/media\/1658"}],"wp:attachment":[{"href":"https:\/\/emd-shop.com\/shop\/wp-json\/wp\/v2\/media?parent=1651"}],"wp:term":[{"taxonomy":"product_brand","embeddable":true,"href":"https:\/\/emd-shop.com\/shop\/wp-json\/wp\/v2\/product_brand?post=1651"},{"taxonomy":"product_cat","embeddable":true,"href":"https:\/\/emd-shop.com\/shop\/wp-json\/wp\/v2\/product_cat?post=1651"},{"taxonomy":"product_tag","embeddable":true,"href":"https:\/\/emd-shop.com\/shop\/wp-json\/wp\/v2\/product_tag?post=1651"}],"curies":[{"name":"wp","href":"https:\/\/api.w.org\/{rel}","templated":true}]}}